{"id":117,"date":"2025-07-13T17:47:00","date_gmt":"2025-07-13T17:47:00","guid":{"rendered":"http:\/\/ostpreussen-niedersachsen.de\/?page_id=117"},"modified":"2025-07-15T09:23:45","modified_gmt":"2025-07-15T09:23:45","slug":"ostpreuen","status":"publish","type":"page","link":"https:\/\/ostpreussen-niedersachsen.de\/?page_id=117","title":{"rendered":"Ostpreu&szlig;en"},"content":{"rendered":"<p><strong>\u00a0OSTPREU\u00dfEN, das ist die Jahrhunderte alte Geschichte eines gelungenen Zusammenwachsens unterschiedlicher V\u00f6lkerschaften unter der Leitung des DEUTSCHEN ORDENS.<\/strong><\/p>\n<p><a href=\"http:\/\/ostpreussen-niedersachsen.de\/wp-content\/uploads\/2025\/07\/Schaufel-klein.jpg\"><img loading=\"lazy\" decoding=\"async\" style=\"border-width: 0px; margin: 0px 5px 0px 0px; padding-top: 0px; padding-right: 0px; padding-left: 0px; float: left; display: inline; background-image: none;\" title=\"Schaufel-klein\" src=\"http:\/\/ostpreussen-niedersachsen.de\/wp-content\/uploads\/2025\/07\/Schaufel-klein_thumb.jpg\" alt=\"Schaufel-klein\" width=\"117\" height=\"153\" align=\"left\" border=\"0\" \/><\/a>Gerufen von den Polen, die mit der prussischen Urbev\u00f6lkerung eine kriegerische Auseinandersetzung angefangen hatten und dann selbst mit dem R\u00fccken zur Wand standen, eroberte und kolonisierte der DEUTSCHE ORDEN das Prussenland. Dabei ging es leider nicht friedlich zu. Blut flo\u00df auf beiden Seiten. Aber nach und nach gelang es durch die Integration des prussischen Adels und unter der einigenden Wirkung des nun auch bei den Prussen aufkeimenden christlichen Glaubens die Unterschiede zwischen der prussischen und der zugezogenen Bev\u00f6lkerung zu \u00fcberwinden. Dies erachte ich als eine geschichtlich einmalige Leistung. Ist es hier doch gelungen, Prussen, Deutsche, Schotten, Franzosen, Salzburger, Litauer und Polen zu einer Einheit zu verschmelzen. Dies ist ein Einigungswerk, das so leider z.B. in den USA nicht gelungen ist und dort fast zur Ausrottung der indianischen Urbev\u00f6lkerung gef\u00fchrt hat.<\/p>\n<p>In m\u00fchsamer Arbeit und mit unerme\u00dflichem Flei\u00df wurden in der Folgezeit in Ostpreu\u00dfen die Moore entw\u00e4ssert, Ackerfl\u00e4chen geschaffen und so der Grundstein gelegt f\u00fcr ein Agrarland, das einmal eine Kornkammer Deutschlands war.<\/p>\n<p>All das fand ein Ende im Jahr 1945. Der Krieg, der allen Beteiligten nur Leid brachte war ein Fluch! \u00dcber die historischen Hintergr\u00fcnde m\u00f6gen die Historiker ein Bild machen. Am Ende des schrecklichen 2. Weltkrieges, der Leid und Zerst\u00f6rung weit in die Welt hinausgetragen hatte, wurde in Ostpreu\u00dfen durch die Rote Armee die Bev\u00f6lkerung vertrieben, gesch\u00e4ndet, abgeschlachtet. Viele, die die Flucht \u00fcber das gefrorene \u201cFrische Haff\u201d gewagt hatten, wurden von den Russen mit ihren Fl\u00fcchtlingsschiffen auf den eisigen Grund der Ostsee geschickt.<\/p>\n<p>Kaum jemand m\u00f6cht heute \u00fcber diese Greuel und das Unrecht der Vertreibung sprechen &#8211; von Entsch\u00e4digungen f\u00fcr das enteignete Land, G\u00fcter und die deutschen Zwangsarbeiter ganz zu schweigen.<\/p>\n<p>wir sind der Meinung, Recht mu\u00df f\u00fcr alle gelten! Daher ist es richtig, wenn Deutschland Entsch\u00e4digungen f\u00fcr deutsche Verbrechen der Nazizeit leisten mu\u00df. Aber das gleiche Recht mu\u00df den deutschen Opfern zugestanden werden!<\/p>\n<p>Wir treten ein f\u00fcr eine friedliche Verst\u00e4ndigung mit der heute in Ostpreu\u00dfen lebenden Bev\u00f6lkerung. Aber wir treten auch ein f\u00fcr das Recht der Deutschen, friedlich in ihre ostpreu\u00dfische Heimat zur\u00fcckzukehren.<\/p>\n<p>Wir reichen den Menschen in Ostpreu\u00dfen die Hand! Viel Unrecht ist in der Kriegszeit auf beiden Seiten geschehen. Nur gemeinsam k\u00f6nnen wir den Weg der Vers\u00f6hnung gehen\u2026<\/p>\n<p><iframe loading=\"lazy\" title=\"Ostpreu\u00dfen f\u00fcr Anf\u00e4nger\" width=\"700\" height=\"394\" src=\"https:\/\/www.youtube.com\/embed\/JXyy3IQGqPk?feature=oembed\" frameborder=\"0\" allow=\"accelerometer; autoplay; clipboard-write; encrypted-media; gyroscope; picture-in-picture; web-share\" referrerpolicy=\"strict-origin-when-cross-origin\" allowfullscreen><\/iframe><\/p>\n<p>Auch das ist Ostpreu\u00dfen: Kurische Nehrung<\/p>\n<p><a href=\"http:\/\/ostpreussen-niedersachsen.de\/wp-content\/uploads\/2025\/07\/Fotobuch-2010-15.08.2010-13-05-04.2010-13-05-5.jpg\"><img loading=\"lazy\" decoding=\"async\" style=\"border-width: 0px; padding-top: 0px; padding-right: 0px; padding-left: 0px; display: inline; background-image: none;\" title=\"D\u00fcne Epha - Kurische Nehrung\" src=\"http:\/\/ostpreussen-niedersachsen.de\/wp-content\/uploads\/2025\/07\/Fotobuch-2010-15.08.2010-13-05-04.2010-13-05-5_thumb.jpg\" alt=\"D\u00fcne Epha - Kurische Nehrung\" width=\"644\" height=\"484\" border=\"0\" \/><\/a><\/p>\n<p>Der Frisching bei Brandenburg<\/p>\n<p><a href=\"http:\/\/ostpreussen-niedersachsen.de\/wp-content\/uploads\/2025\/07\/P1020733.jpg\"><img loading=\"lazy\" decoding=\"async\" style=\"border-width: 0px; padding-top: 0px; padding-right: 0px; padding-left: 0px; display: inline; background-image: none;\" title=\"P1020733\" src=\"http:\/\/ostpreussen-niedersachsen.de\/wp-content\/uploads\/2025\/07\/P1020733_thumb.jpg\" alt=\"P1020733\" width=\"652\" height=\"489\" border=\"0\" \/><\/a><\/p>\n","protected":false},"excerpt":{"rendered":"<p>\u00a0OSTPREU\u00dfEN, das ist die Jahrhunderte alte Geschichte eines gelungenen Zusammenwachsens unterschiedlicher V\u00f6lkerschaften unter der Leitung des DEUTSCHEN ORDENS. Gerufen von den Polen, die mit der prussischen Urbev\u00f6lkerung eine kriegerische Auseinandersetzung&hellip; <\/p>\n","protected":false},"author":1,"featured_media":0,"parent":0,"menu_order":0,"comment_status":"open","ping_status":"open","template":"","meta":{"footnotes":""},"class_list":["post-117","page","type-page","status-publish","hentry"],"jetpack_sharing_enabled":true,"_links":{"self":[{"href":"https:\/\/ostpreussen-niedersachsen.de\/index.php?rest_route=\/wp\/v2\/pages\/117","targetHints":{"allow":["GET"]}}],"collection":[{"href":"https:\/\/ostpreussen-niedersachsen.de\/index.php?rest_route=\/wp\/v2\/pages"}],"about":[{"href":"https:\/\/ostpreussen-niedersachsen.de\/index.php?rest_route=\/wp\/v2\/types\/page"}],"author":[{"embeddable":true,"href":"https:\/\/ostpreussen-niedersachsen.de\/index.php?rest_route=\/wp\/v2\/users\/1"}],"replies":[{"embeddable":true,"href":"https:\/\/ostpreussen-niedersachsen.de\/index.php?rest_route=%2Fwp%2Fv2%2Fcomments&post=117"}],"version-history":[{"count":6,"href":"https:\/\/ostpreussen-niedersachsen.de\/index.php?rest_route=\/wp\/v2\/pages\/117\/revisions"}],"predecessor-version":[{"id":127,"href":"https:\/\/ostpreussen-niedersachsen.de\/index.php?rest_route=\/wp\/v2\/pages\/117\/revisions\/127"}],"wp:attachment":[{"href":"https:\/\/ostpreussen-niedersachsen.de\/index.php?rest_route=%2Fwp%2Fv2%2Fmedia&parent=117"}],"curies":[{"name":"wp","href":"https:\/\/api.w.org\/{rel}","templated":true}]}}

<p><strong> OSTPREUßEN, das ist die Jahrhunderte alte Geschichte eines gelungenen Zusammenwachsens unterschiedlicher Völkerschaften unter der Leitung des DEUTSCHEN ORDENS.</strong></p>
<p><a href="http://ostpreussen-niedersachsen.de/wp-content/uploads/2025/07/Schaufel-klein.jpg"><img loading="lazy" decoding="async" style="border-width: 0px; margin: 0px 5px 0px 0px; padding-top: 0px; padding-right: 0px; padding-left: 0px; float: left; display: inline; background-image: none;" title="Schaufel-klein" src="http://ostpreussen-niedersachsen.de/wp-content/uploads/2025/07/Schaufel-klein_thumb.jpg" alt="Schaufel-klein" width="117" height="153" align="left" border="0" /></a>Gerufen von den Polen, die mit der prussischen Urbevölkerung eine kriegerische Auseinandersetzung angefangen hatten und dann selbst mit dem Rücken zur Wand standen, eroberte und kolonisierte der DEUTSCHE ORDEN das Prussenland. Dabei ging es leider nicht friedlich zu. Blut floß auf beiden Seiten. Aber nach und nach gelang es durch die Integration des prussischen Adels und unter der einigenden Wirkung des nun auch bei den Prussen aufkeimenden christlichen Glaubens die Unterschiede zwischen der prussischen und der zugezogenen Bevölkerung zu überwinden. Dies erachte ich als eine geschichtlich einmalige Leistung. Ist es hier doch gelungen, Prussen, Deutsche, Schotten, Franzosen, Salzburger, Litauer und Polen zu einer Einheit zu verschmelzen. Dies ist ein Einigungswerk, das so leider z.B. in den USA nicht gelungen ist und dort fast zur Ausrottung der indianischen Urbevölkerung geführt hat.</p>
<p>In mühsamer Arbeit und mit unermeßlichem Fleiß wurden in der Folgezeit in Ostpreußen die Moore entwässert, Ackerflächen geschaffen und so der Grundstein gelegt für ein Agrarland, das einmal eine Kornkammer Deutschlands war.</p>
<p>All das fand ein Ende im Jahr 1945. Der Krieg, der allen Beteiligten nur Leid brachte war ein Fluch! Über die historischen Hintergründe mögen die Historiker ein Bild machen. Am Ende des schrecklichen 2. Weltkrieges, der Leid und Zerstörung weit in die Welt hinausgetragen hatte, wurde in Ostpreußen durch die Rote Armee die Bevölkerung vertrieben, geschändet, abgeschlachtet. Viele, die die Flucht über das gefrorene “Frische Haff” gewagt hatten, wurden von den Russen mit ihren Flüchtlingsschiffen auf den eisigen Grund der Ostsee geschickt.</p>
<p>Kaum jemand möcht heute über diese Greuel und das Unrecht der Vertreibung sprechen &#8211; von Entschädigungen für das enteignete Land, Güter und die deutschen Zwangsarbeiter ganz zu schweigen.</p>
<p>wir sind der Meinung, Recht muß für alle gelten! Daher ist es richtig, wenn Deutschland Entschädigungen für deutsche Verbrechen der Nazizeit leisten muß. Aber das gleiche Recht muß den deutschen Opfern zugestanden werden!</p>
<p>Wir treten ein für eine friedliche Verständigung mit der heute in Ostpreußen lebenden Bevölkerung. Aber wir treten auch ein für das Recht der Deutschen, friedlich in ihre ostpreußische Heimat zurückzukehren.</p>
<p>Wir reichen den Menschen in Ostpreußen die Hand! Viel Unrecht ist in der Kriegszeit auf beiden Seiten geschehen. Nur gemeinsam können wir den Weg der Versöhnung gehen…</p>
<p><iframe loading="lazy" title="Ostpreußen für Anfänger" width="700" height="394" src="https://www.youtube.com/embed/JXyy3IQGqPk?feature=oembed" frameborder="0" allow="accelerometer; autoplay; clipboard-write; encrypted-media; gyroscope; picture-in-picture; web-share" referrerpolicy="strict-origin-when-cross-origin" allowfullscreen></iframe></p>
<p>Auch das ist Ostpreußen: Kurische Nehrung</p>
<p><a href="http://ostpreussen-niedersachsen.de/wp-content/uploads/2025/07/Fotobuch-2010-15.08.2010-13-05-04.2010-13-05-5.jpg"><img loading="lazy" decoding="async" style="border-width: 0px; padding-top: 0px; padding-right: 0px; padding-left: 0px; display: inline; background-image: none;" title="Düne Epha - Kurische Nehrung" src="http://ostpreussen-niedersachsen.de/wp-content/uploads/2025/07/Fotobuch-2010-15.08.2010-13-05-04.2010-13-05-5_thumb.jpg" alt="Düne Epha - Kurische Nehrung" width="644" height="484" border="0" /></a></p>
<p>Der Frisching bei Brandenburg</p>
<p><a href="http://ostpreussen-niedersachsen.de/wp-content/uploads/2025/07/P1020733.jpg"><img loading="lazy" decoding="async" style="border-width: 0px; padding-top: 0px; padding-right: 0px; padding-left: 0px; display: inline; background-image: none;" title="P1020733" src="http://ostpreussen-niedersachsen.de/wp-content/uploads/2025/07/P1020733_thumb.jpg" alt="P1020733" width="652" height="489" border="0" /></a></p>

<p> OSTPREUßEN, das ist die Jahrhunderte alte Geschichte eines gelungenen Zusammenwachsens unterschiedlicher Völkerschaften unter der Leitung des DEUTSCHEN ORDENS. Gerufen von den Polen, die mit der prussischen Urbevölkerung eine kriegerische Auseinandersetzung&hellip; </p>
